{"id":2657,"date":"2026-03-25T22:42:29","date_gmt":"2026-03-25T21:42:29","guid":{"rendered":"https:\/\/kokostore.pl\/?post_type=product&#038;p=2657"},"modified":"2026-03-25T22:42:29","modified_gmt":"2026-03-25T21:42:29","slug":"baggy-bez-little-star","status":"publish","type":"product","link":"https:\/\/kokostore.pl\/index.php\/produkt\/baggy-bez-little-star\/","title":{"rendered":"Baggy be\u017c little star"},"content":{"rendered":"<p>Stylowe i niezwykle wygodne spodenki dzieci\u0119ce w modnym, jasnobe\u017cowym odcieniu to idealny wyb\u00f3r dla malucha na co dzie\u0144 &#x1f90d;<\/p>\n<p>Wykonane z mi\u0119kkiej, przyjemnej w dotyku bawe\u0142ny, zapewniaj\u0105 pe\u0142n\u0105 swobod\u0119 ruch\u00f3w i komfort noszenia przez ca\u0142y dzie\u0144. Lu\u017any kr\u00f3j typu baggy sprawia, \u017ce spodenki \u015bwietnie uk\u0142adaj\u0105 si\u0119 na dziecku, nie kr\u0119puj\u0105c ruch\u00f3w \u2013 idealne zar\u00f3wno do zabawy, jak i spacer\u00f3w.<\/p>\n<p>Elastyczny pas dopasowuje si\u0119 do brzuszka, a \u015bci\u0105gacze przy nogawkach zapobiegaj\u0105 podwijaniu si\u0119 materia\u0142u. Dodatkowym atutem jest praktyczna kieszonka oraz modna naszywka \u201eLITTLE STAR\u201d, kt\u00f3ra nadaje ca\u0142o\u015bci nowoczesnego charakteru.<\/p>\n","protected":false},"excerpt":{"rendered":"<p>Stylowe i niezwykle wygodne spodenki dzieci\u0119ce w modnym, jasnobe\u017cowym odcieniu to idealny wyb\u00f3r dla malucha na co dzie\u0144 &#x1f90d; Wykonane z mi\u0119kkiej, przyjemnej w dotyku bawe\u0142ny, zapewniaj\u0105 pe\u0142n\u0105 swobod\u0119 ruch\u00f3w i komfort noszenia przez ca\u0142y dzie\u0144. Lu\u017any kr\u00f3j typu baggy sprawia, \u017ce spodenki \u015bwietnie uk\u0142adaj\u0105 si\u0119 na dziecku, nie kr\u0119puj\u0105c ruch\u00f3w \u2013 idealne zar\u00f3wno do [&hellip;]<\/p>\n","protected":false},"featured_media":2658,"comment_status":"open","ping_status":"closed","template":"","meta":{"_et_pb_use_builder":"on","_et_pb_old_content":"Stylowe i niezwykle wygodne spodenki dzieci\u0119ce w modnym, jasnobe\u017cowym odcieniu to idealny wyb\u00f3r dla malucha na co dzie\u0144 &#x1f90d;\r\n\r\nWykonane z mi\u0119kkiej, przyjemnej w dotyku bawe\u0142ny, zapewniaj\u0105 pe\u0142n\u0105 swobod\u0119 ruch\u00f3w i komfort noszenia przez ca\u0142y dzie\u0144. Lu\u017any kr\u00f3j typu baggy sprawia, \u017ce spodenki \u015bwietnie uk\u0142adaj\u0105 si\u0119 na dziecku, nie kr\u0119puj\u0105c ruch\u00f3w \u2013 idealne zar\u00f3wno do zabawy, jak i spacer\u00f3w.\r\n\r\nElastyczny pas dopasowuje si\u0119 do brzuszka, a \u015bci\u0105gacze przy nogawkach zapobiegaj\u0105 podwijaniu si\u0119 materia\u0142u. Dodatkowym atutem jest praktyczna kieszonka oraz modna naszywka \u201eLITTLE STAR\u201d, kt\u00f3ra nadaje ca\u0142o\u015bci nowoczesnego charakteru.","_et_gb_content_width":""},"product_brand":[],"product_cat":[56,20,35,51,52,19,48],"product_tag":[],"class_list":{"0":"post-2657","1":"product","2":"type-product","3":"status-publish","4":"has-post-thumbnail","6":"product_cat-wszystko","7":"product_cat-6-7-lat","8":"product_cat-4-5-lat","9":"product_cat-kolekcje","10":"product_cat-codzienne","11":"product_cat-chlopiec","12":"product_cat-spodnie-chlopiec","14":"first","15":"instock","16":"shipping-taxable","17":"purchasable","18":"product-type-variable"},"_links":{"self":[{"href":"https:\/\/kokostore.pl\/index.php\/wp-json\/wp\/v2\/product\/2657","targetHints":{"allow":["GET"]}}],"collection":[{"href":"https:\/\/kokostore.pl\/index.php\/wp-json\/wp\/v2\/product"}],"about":[{"href":"https:\/\/kokostore.pl\/index.php\/wp-json\/wp\/v2\/types\/product"}],"replies":[{"embeddable":true,"href":"https:\/\/kokostore.pl\/index.php\/wp-json\/wp\/v2\/comments?post=2657"}],"wp:featuredmedia":[{"embeddable":true,"href":"https:\/\/kokostore.pl\/index.php\/wp-json\/wp\/v2\/media\/2658"}],"wp:attachment":[{"href":"https:\/\/kokostore.pl\/index.php\/wp-json\/wp\/v2\/media?parent=2657"}],"wp:term":[{"taxonomy":"product_brand","embeddable":true,"href":"https:\/\/kokostore.pl\/index.php\/wp-json\/wp\/v2\/product_brand?post=2657"},{"taxonomy":"product_cat","embeddable":true,"href":"https:\/\/kokostore.pl\/index.php\/wp-json\/wp\/v2\/product_cat?post=2657"},{"taxonomy":"product_tag","embeddable":true,"href":"https:\/\/kokostore.pl\/index.php\/wp-json\/wp\/v2\/product_tag?post=2657"}],"curies":[{"name":"wp","href":"https:\/\/api.w.org\/{rel}","templated":true}]}}