{"id":2540,"date":"2026-03-16T23:23:07","date_gmt":"2026-03-16T22:23:07","guid":{"rendered":"https:\/\/kokostore.pl\/?post_type=product&#038;p=2540"},"modified":"2026-03-30T18:40:16","modified_gmt":"2026-03-30T16:40:16","slug":"spodnie-despacito","status":"publish","type":"product","link":"https:\/\/kokostore.pl\/index.php\/produkt\/spodnie-despacito\/","title":{"rendered":"Spodnie Despacito"},"content":{"rendered":"<div>Modne spodnie dzieci\u0119ce typu jogger stworzone z my\u015bl\u0105 o aktywnych maluchach. Po\u0142\u0105czenie sportowej wygody i nowoczesnego designu sprawia, \u017ce s\u0105 idealnym wyborem na codzienne przygody, zabaw\u0119 i spacer.<\/div>\n<div><\/div>\n<div>&#x2705; Najwa\u017cniejsze cechy:<\/div>\n<div>\u2022mi\u0119kki, elastyczny materia\u0142 zapewniaj\u0105cy komfort noszenia<\/div>\n<div>\u2022wygodny fason jogger ze \u015bci\u0105gaczami przy nogawkach<\/div>\n<div>\u2022elastyczna talia dopasowuj\u0105ca si\u0119 do sylwetki dziecka<\/div>\n<div>\u2022modny, minimalistyczny kolor pasuj\u0105cy do ka\u017cdej stylizacji<\/div>\n<div>\u2022swoboda ruch\u00f3w podczas zabawy i aktywno\u015bci<\/div>\n<div><\/div>\n<div>Spodnie \u015bwietnie komponuj\u0105 si\u0119 z bluz\u0105, T-shirtem lub koszul\u0105, tworz\u0105c stylowy, sportowo-casualowy look.<\/div>\n<div><\/div>\n<div>&#x1f45f; Idealne do przedszkola, na plac zabaw, spacer i codzienne stylizacje.<\/div>\n","protected":false},"excerpt":{"rendered":"<p>Modne spodnie dzieci\u0119ce typu jogger stworzone z my\u015bl\u0105 o aktywnych maluchach. Po\u0142\u0105czenie sportowej wygody i nowoczesnego designu sprawia, \u017ce s\u0105 idealnym wyborem na codzienne przygody, zabaw\u0119 i spacer. &#x2705; Najwa\u017cniejsze cechy: \u2022mi\u0119kki, elastyczny materia\u0142 zapewniaj\u0105cy komfort noszenia \u2022wygodny fason jogger ze \u015bci\u0105gaczami przy nogawkach \u2022elastyczna talia dopasowuj\u0105ca si\u0119 do sylwetki dziecka \u2022modny, minimalistyczny kolor pasuj\u0105cy [&hellip;]<\/p>\n","protected":false},"featured_media":2541,"comment_status":"open","ping_status":"closed","template":"","meta":{"_et_pb_use_builder":"","_et_pb_old_content":"","_et_gb_content_width":""},"product_brand":[],"product_cat":[56,36,20,35,51,52,54,19,48],"product_tag":[],"class_list":{"0":"post-2540","1":"product","2":"type-product","3":"status-publish","4":"has-post-thumbnail","6":"product_cat-wszystko","7":"product_cat-8-9-lat","8":"product_cat-6-7-lat","9":"product_cat-4-5-lat","10":"product_cat-kolekcje","11":"product_cat-codzienne","12":"product_cat-sportowe","13":"product_cat-chlopiec","14":"product_cat-spodnie-chlopiec","16":"first","17":"instock","18":"shipping-taxable","19":"purchasable","20":"product-type-variable"},"_links":{"self":[{"href":"https:\/\/kokostore.pl\/index.php\/wp-json\/wp\/v2\/product\/2540","targetHints":{"allow":["GET"]}}],"collection":[{"href":"https:\/\/kokostore.pl\/index.php\/wp-json\/wp\/v2\/product"}],"about":[{"href":"https:\/\/kokostore.pl\/index.php\/wp-json\/wp\/v2\/types\/product"}],"replies":[{"embeddable":true,"href":"https:\/\/kokostore.pl\/index.php\/wp-json\/wp\/v2\/comments?post=2540"}],"wp:featuredmedia":[{"embeddable":true,"href":"https:\/\/kokostore.pl\/index.php\/wp-json\/wp\/v2\/media\/2541"}],"wp:attachment":[{"href":"https:\/\/kokostore.pl\/index.php\/wp-json\/wp\/v2\/media?parent=2540"}],"wp:term":[{"taxonomy":"product_brand","embeddable":true,"href":"https:\/\/kokostore.pl\/index.php\/wp-json\/wp\/v2\/product_brand?post=2540"},{"taxonomy":"product_cat","embeddable":true,"href":"https:\/\/kokostore.pl\/index.php\/wp-json\/wp\/v2\/product_cat?post=2540"},{"taxonomy":"product_tag","embeddable":true,"href":"https:\/\/kokostore.pl\/index.php\/wp-json\/wp\/v2\/product_tag?post=2540"}],"curies":[{"name":"wp","href":"https:\/\/api.w.org\/{rel}","templated":true}]}}