{"id":2533,"date":"2026-03-16T23:19:29","date_gmt":"2026-03-16T22:19:29","guid":{"rendered":"https:\/\/kokostore.pl\/?post_type=product&#038;p=2533"},"modified":"2026-03-30T18:46:15","modified_gmt":"2026-03-30T16:46:15","slug":"bluza-z-kapturem-nietoperz","status":"publish","type":"product","link":"https:\/\/kokostore.pl\/index.php\/produkt\/bluza-z-kapturem-nietoperz\/","title":{"rendered":"Bluza z kapturem nietoperz"},"content":{"rendered":"<p data-start=\"60\" data-end=\"325\">Ta czerwona bluza z modnym, czarnym wzorem to idealny wyb\u00f3r dla ma\u0142ych fan\u00f3w wygody i oryginalnego stylu. Wykonana z mi\u0119kkiego, przyjemnego w dotyku materia\u0142u, zapewnia komfort noszenia przez ca\u0142y dzie\u0144 \u2013 zar\u00f3wno w szkole, jak i podczas zabawy na \u015bwie\u017cym powietrzu.<\/p>\n<p data-start=\"327\" data-end=\"617\"><strong data-start=\"327\" data-end=\"346\">Dlaczego warto?<\/strong><br \/>\n&#x2714;&#xfe0f; Wyrazisty, modny design \u2013 wyr\u00f3\u017cnia si\u0119 w t\u0142umie<br data-start=\"397\" data-end=\"400\" \/>&#x2714;&#xfe0f; Wygodny kr\u00f3j \u2013 nie kr\u0119puje ruch\u00f3w dziecka<br data-start=\"444\" data-end=\"447\" \/>&#x2714;&#xfe0f; Praktyczny kaptur \u2013 idealny na ch\u0142odniejsze dni<br data-start=\"497\" data-end=\"500\" \/>&#x2714;&#xfe0f; Solidne wykonanie \u2013 trwa\u0142o\u015b\u0107 nawet przy intensywnym u\u017cytkowaniu<br data-start=\"566\" data-end=\"569\" \/>&#x2714;&#xfe0f; \u0141atwa do zestawienia z jeansami czy dresami<\/p>\n<p data-start=\"619\" data-end=\"742\">To \u015bwietny wyb\u00f3r dla dzieci, kt\u00f3re lubi\u0105 wygl\u0105da\u0107 stylowo i czu\u0107 si\u0119 swobodnie. Idealna na co dzie\u0144, spacery czy wyjazdy.<\/p>\n<p data-start=\"744\" data-end=\"802\" data-is-last-node=\"\" data-is-only-node=\"\">Dodaj do garderoby swojego dziecka odrobin\u0119 charakteru! &#x1f4a5;<\/p>\n","protected":false},"excerpt":{"rendered":"<p>Ta czerwona bluza z modnym, czarnym wzorem to idealny wyb\u00f3r dla ma\u0142ych fan\u00f3w wygody i oryginalnego stylu. Wykonana z mi\u0119kkiego, przyjemnego w dotyku materia\u0142u, zapewnia komfort noszenia przez ca\u0142y dzie\u0144 \u2013 zar\u00f3wno w szkole, jak i podczas zabawy na \u015bwie\u017cym powietrzu. Dlaczego warto? &#x2714;&#xfe0f; Wyrazisty, modny design \u2013 wyr\u00f3\u017cnia si\u0119 w t\u0142umie&#x2714;&#xfe0f; Wygodny kr\u00f3j \u2013 [&hellip;]<\/p>\n","protected":false},"featured_media":2534,"comment_status":"open","ping_status":"closed","template":"","meta":{"_et_pb_use_builder":"","_et_pb_old_content":"","_et_gb_content_width":""},"product_brand":[],"product_cat":[56,37,36,20,35,34,51,52,54,19,47],"product_tag":[],"class_list":{"0":"post-2533","1":"product","2":"type-product","3":"status-publish","4":"has-post-thumbnail","6":"product_cat-wszystko","7":"product_cat-10-12-lat","8":"product_cat-8-9-lat","9":"product_cat-6-7-lat","10":"product_cat-4-5-lat","11":"product_cat-2-3-lata","12":"product_cat-kolekcje","13":"product_cat-codzienne","14":"product_cat-sportowe","15":"product_cat-chlopiec","16":"product_cat-bluzki-i-koszule-chlopiec","18":"first","19":"instock","20":"shipping-taxable","21":"purchasable","22":"product-type-variable"},"_links":{"self":[{"href":"https:\/\/kokostore.pl\/index.php\/wp-json\/wp\/v2\/product\/2533","targetHints":{"allow":["GET"]}}],"collection":[{"href":"https:\/\/kokostore.pl\/index.php\/wp-json\/wp\/v2\/product"}],"about":[{"href":"https:\/\/kokostore.pl\/index.php\/wp-json\/wp\/v2\/types\/product"}],"replies":[{"embeddable":true,"href":"https:\/\/kokostore.pl\/index.php\/wp-json\/wp\/v2\/comments?post=2533"}],"wp:featuredmedia":[{"embeddable":true,"href":"https:\/\/kokostore.pl\/index.php\/wp-json\/wp\/v2\/media\/2534"}],"wp:attachment":[{"href":"https:\/\/kokostore.pl\/index.php\/wp-json\/wp\/v2\/media?parent=2533"}],"wp:term":[{"taxonomy":"product_brand","embeddable":true,"href":"https:\/\/kokostore.pl\/index.php\/wp-json\/wp\/v2\/product_brand?post=2533"},{"taxonomy":"product_cat","embeddable":true,"href":"https:\/\/kokostore.pl\/index.php\/wp-json\/wp\/v2\/product_cat?post=2533"},{"taxonomy":"product_tag","embeddable":true,"href":"https:\/\/kokostore.pl\/index.php\/wp-json\/wp\/v2\/product_tag?post=2533"}],"curies":[{"name":"wp","href":"https:\/\/api.w.org\/{rel}","templated":true}]}}