{"id":2517,"date":"2026-03-16T23:07:18","date_gmt":"2026-03-16T22:07:18","guid":{"rendered":"https:\/\/kokostore.pl\/?post_type=product&#038;p=2517"},"modified":"2026-03-30T18:48:55","modified_gmt":"2026-03-30T16:48:55","slug":"tunika-z-nadrukiem-igomill","status":"publish","type":"product","link":"https:\/\/kokostore.pl\/index.php\/produkt\/tunika-z-nadrukiem-igomill\/","title":{"rendered":"Tunika z nadrukiem IGOMILL"},"content":{"rendered":"<p data-start=\"75\" data-end=\"374\">Delikatny, kremowy kolor w po\u0142\u0105czeniu z modnym nadrukiem \u201eBubble Queen\u201d i subtelnymi, r\u00f3\u017cowymi akcentami tworzy wyj\u0105tkowy look, kt\u00f3ry pokocha ka\u017cda ma\u0142a mi\u0142o\u015bniczka stylu. Przed\u0142u\u017cony kr\u00f3j sprawia, \u017ce tunika \u015bwietnie uk\u0142ada si\u0119 na sylwetce i doskonale wygl\u0105da zar\u00f3wno z legginsami, jak i rajstopami.<\/p>\n<p data-start=\"376\" data-end=\"625\"><strong data-start=\"376\" data-end=\"395\">Dlaczego warto?<\/strong><br \/>\n&#x2714;&#xfe0f; Mi\u0119kki, przyjemny materia\u0142 \u2013 idealny na co dzie\u0144<br data-start=\"447\" data-end=\"450\" \/>&#x2714;&#xfe0f; Modny nadruk z efektem \u201eglam\u201d<br data-start=\"482\" data-end=\"485\" \/>&#x2714;&#xfe0f; Wygodny, lu\u017any fason \u2013 pe\u0142na swoboda ruch\u00f3w<br data-start=\"531\" data-end=\"534\" \/>&#x2714;&#xfe0f; Przed\u0142u\u017cony ty\u0142 \u2013 styl i komfort w jednym<br data-start=\"578\" data-end=\"581\" \/>&#x2714;&#xfe0f; Uniwersalny kolor \u2013 \u0142atwy do stylizacji<\/p>\n<p data-start=\"627\" data-end=\"746\" data-is-last-node=\"\" data-is-only-node=\"\">\u015awietna propozycja do szko\u0142y, na spacer czy spotkania z przyjaci\u00f3\u0142mi. Stylowo, wygodnie i z nut\u0105 s\u0142odkiego charakteru &#x2728;<\/p>\n","protected":false},"excerpt":{"rendered":"<p>Delikatny, kremowy kolor w po\u0142\u0105czeniu z modnym nadrukiem \u201eBubble Queen\u201d i subtelnymi, r\u00f3\u017cowymi akcentami tworzy wyj\u0105tkowy look, kt\u00f3ry pokocha ka\u017cda ma\u0142a mi\u0142o\u015bniczka stylu. Przed\u0142u\u017cony kr\u00f3j sprawia, \u017ce tunika \u015bwietnie uk\u0142ada si\u0119 na sylwetce i doskonale wygl\u0105da zar\u00f3wno z legginsami, jak i rajstopami. Dlaczego warto? &#x2714;&#xfe0f; Mi\u0119kki, przyjemny materia\u0142 \u2013 idealny na co dzie\u0144&#x2714;&#xfe0f; Modny nadruk [&hellip;]<\/p>\n","protected":false},"featured_media":2518,"comment_status":"open","ping_status":"closed","template":"","meta":{"_et_pb_use_builder":"","_et_pb_old_content":"","_et_gb_content_width":""},"product_brand":[],"product_cat":[56,37,36,20,35,51,52,25,39],"product_tag":[],"class_list":{"0":"post-2517","1":"product","2":"type-product","3":"status-publish","4":"has-post-thumbnail","6":"product_cat-wszystko","7":"product_cat-10-12-lat","8":"product_cat-8-9-lat","9":"product_cat-6-7-lat","10":"product_cat-4-5-lat","11":"product_cat-kolekcje","12":"product_cat-codzienne","13":"product_cat-dziewczynka","14":"product_cat-bluzy","16":"first","17":"instock","18":"shipping-taxable","19":"purchasable","20":"product-type-variable"},"_links":{"self":[{"href":"https:\/\/kokostore.pl\/index.php\/wp-json\/wp\/v2\/product\/2517","targetHints":{"allow":["GET"]}}],"collection":[{"href":"https:\/\/kokostore.pl\/index.php\/wp-json\/wp\/v2\/product"}],"about":[{"href":"https:\/\/kokostore.pl\/index.php\/wp-json\/wp\/v2\/types\/product"}],"replies":[{"embeddable":true,"href":"https:\/\/kokostore.pl\/index.php\/wp-json\/wp\/v2\/comments?post=2517"}],"wp:featuredmedia":[{"embeddable":true,"href":"https:\/\/kokostore.pl\/index.php\/wp-json\/wp\/v2\/media\/2518"}],"wp:attachment":[{"href":"https:\/\/kokostore.pl\/index.php\/wp-json\/wp\/v2\/media?parent=2517"}],"wp:term":[{"taxonomy":"product_brand","embeddable":true,"href":"https:\/\/kokostore.pl\/index.php\/wp-json\/wp\/v2\/product_brand?post=2517"},{"taxonomy":"product_cat","embeddable":true,"href":"https:\/\/kokostore.pl\/index.php\/wp-json\/wp\/v2\/product_cat?post=2517"},{"taxonomy":"product_tag","embeddable":true,"href":"https:\/\/kokostore.pl\/index.php\/wp-json\/wp\/v2\/product_tag?post=2517"}],"curies":[{"name":"wp","href":"https:\/\/api.w.org\/{rel}","templated":true}]}}