{"id":2471,"date":"2026-03-16T22:14:14","date_gmt":"2026-03-16T21:14:14","guid":{"rendered":"https:\/\/kokostore.pl\/?post_type=product&#038;p=2471"},"modified":"2026-03-25T22:05:52","modified_gmt":"2026-03-25T21:05:52","slug":"t-shirt-szachownica-despacito","status":"publish","type":"product","link":"https:\/\/kokostore.pl\/index.php\/produkt\/t-shirt-szachownica-despacito\/","title":{"rendered":"T-shirt szachownica DESPACITO"},"content":{"rendered":"<p>Stylowa i wygodna koszulka dzieci\u0119ca z modnym wzorem w szachownic\u0119 w stonowanych kolorach. Model wyr\u00f3\u017cnia asymetryczna kieszonka na lewej piersi, wykonana z bia\u0142ej pr\u0105\u017ckowanej dzianiny, kt\u00f3ra dodaje ca\u0142o\u015bci charakteru. Mi\u0119kka i przyjemna w dotyku dzianina oraz wygodny kr\u00f3j sprawiaj\u0105, \u017ce koszulka \u015bwietnie sprawdzi si\u0119 na co dzie\u0144 \u2013 do szko\u0142y, przedszkola i zabawy.<\/p>\n","protected":false},"excerpt":{"rendered":"<p>Stylowa i wygodna koszulka dzieci\u0119ca z modnym wzorem w szachownic\u0119 w stonowanych kolorach. Model wyr\u00f3\u017cnia asymetryczna kieszonka na lewej piersi, wykonana z bia\u0142ej pr\u0105\u017ckowanej dzianiny, kt\u00f3ra dodaje ca\u0142o\u015bci charakteru. Mi\u0119kka i przyjemna w dotyku dzianina oraz wygodny kr\u00f3j sprawiaj\u0105, \u017ce koszulka \u015bwietnie sprawdzi si\u0119 na co dzie\u0144 \u2013 do szko\u0142y, przedszkola i zabawy.<\/p>\n","protected":false},"featured_media":2472,"comment_status":"open","ping_status":"closed","template":"","meta":{"_et_pb_use_builder":"","_et_pb_old_content":"","_et_gb_content_width":""},"product_brand":[],"product_cat":[56,37,36,20,35,51,52,54,19,46],"product_tag":[],"class_list":{"0":"post-2471","1":"product","2":"type-product","3":"status-publish","4":"has-post-thumbnail","6":"product_cat-wszystko","7":"product_cat-10-12-lat","8":"product_cat-8-9-lat","9":"product_cat-6-7-lat","10":"product_cat-4-5-lat","11":"product_cat-kolekcje","12":"product_cat-codzienne","13":"product_cat-sportowe","14":"product_cat-chlopiec","15":"product_cat-t-shirty","17":"first","18":"instock","19":"shipping-taxable","20":"purchasable","21":"product-type-variable"},"_links":{"self":[{"href":"https:\/\/kokostore.pl\/index.php\/wp-json\/wp\/v2\/product\/2471","targetHints":{"allow":["GET"]}}],"collection":[{"href":"https:\/\/kokostore.pl\/index.php\/wp-json\/wp\/v2\/product"}],"about":[{"href":"https:\/\/kokostore.pl\/index.php\/wp-json\/wp\/v2\/types\/product"}],"replies":[{"embeddable":true,"href":"https:\/\/kokostore.pl\/index.php\/wp-json\/wp\/v2\/comments?post=2471"}],"wp:featuredmedia":[{"embeddable":true,"href":"https:\/\/kokostore.pl\/index.php\/wp-json\/wp\/v2\/media\/2472"}],"wp:attachment":[{"href":"https:\/\/kokostore.pl\/index.php\/wp-json\/wp\/v2\/media?parent=2471"}],"wp:term":[{"taxonomy":"product_brand","embeddable":true,"href":"https:\/\/kokostore.pl\/index.php\/wp-json\/wp\/v2\/product_brand?post=2471"},{"taxonomy":"product_cat","embeddable":true,"href":"https:\/\/kokostore.pl\/index.php\/wp-json\/wp\/v2\/product_cat?post=2471"},{"taxonomy":"product_tag","embeddable":true,"href":"https:\/\/kokostore.pl\/index.php\/wp-json\/wp\/v2\/product_tag?post=2471"}],"curies":[{"name":"wp","href":"https:\/\/api.w.org\/{rel}","templated":true}]}}