{"id":2349,"date":"2026-03-10T22:54:14","date_gmt":"2026-03-10T21:54:14","guid":{"rendered":"https:\/\/kokostore.pl\/?post_type=product&#038;p=2349"},"modified":"2026-03-30T18:24:39","modified_gmt":"2026-03-30T16:24:39","slug":"legginsy-prazek-igomill","status":"publish","type":"product","link":"https:\/\/kokostore.pl\/index.php\/produkt\/legginsy-prazek-igomill\/","title":{"rendered":"Legginsy pr\u0105\u017cek IGOMILL"},"content":{"rendered":"<p>Wygodne legginsy z pr\u0105\u017ckowanej dzianiny poszerzane u do\u0142u sprawdz\u0105 si\u0119 nie tylko na codzie\u0144, ale te\u017c na r\u00f3\u017cne okazje. Mi\u0119kki i wygodny materia\u0142 nie kr\u0119puje ruch\u00f3w, idealnie dopasowuje si\u0119 do sylwetki dziecka i ca\u0142y czas wygodnie nosi si\u0119 niezale\u017cnie od sytuacji.<\/p>\n","protected":false},"excerpt":{"rendered":"<p>Wygodne legginsy z pr\u0105\u017ckowanej dzianiny poszerzane u do\u0142u sprawdz\u0105 si\u0119 nie tylko na codzie\u0144, ale te\u017c na r\u00f3\u017cne okazje. Mi\u0119kki i wygodny materia\u0142 nie kr\u0119puje ruch\u00f3w, idealnie dopasowuje si\u0119 do sylwetki dziecka i ca\u0142y czas wygodnie nosi si\u0119 niezale\u017cnie od sytuacji.<\/p>\n","protected":false},"featured_media":2350,"comment_status":"open","ping_status":"closed","template":"","meta":{"_et_pb_use_builder":"","_et_pb_old_content":"","_et_gb_content_width":""},"product_brand":[],"product_cat":[37,36,20,35,51,52,25,41],"product_tag":[],"class_list":{"0":"post-2349","1":"product","2":"type-product","3":"status-publish","4":"has-post-thumbnail","6":"product_cat-10-12-lat","7":"product_cat-8-9-lat","8":"product_cat-6-7-lat","9":"product_cat-4-5-lat","10":"product_cat-kolekcje","11":"product_cat-codzienne","12":"product_cat-dziewczynka","13":"product_cat-legginsy","15":"first","16":"instock","17":"shipping-taxable","18":"purchasable","19":"product-type-variable"},"_links":{"self":[{"href":"https:\/\/kokostore.pl\/index.php\/wp-json\/wp\/v2\/product\/2349","targetHints":{"allow":["GET"]}}],"collection":[{"href":"https:\/\/kokostore.pl\/index.php\/wp-json\/wp\/v2\/product"}],"about":[{"href":"https:\/\/kokostore.pl\/index.php\/wp-json\/wp\/v2\/types\/product"}],"replies":[{"embeddable":true,"href":"https:\/\/kokostore.pl\/index.php\/wp-json\/wp\/v2\/comments?post=2349"}],"wp:featuredmedia":[{"embeddable":true,"href":"https:\/\/kokostore.pl\/index.php\/wp-json\/wp\/v2\/media\/2350"}],"wp:attachment":[{"href":"https:\/\/kokostore.pl\/index.php\/wp-json\/wp\/v2\/media?parent=2349"}],"wp:term":[{"taxonomy":"product_brand","embeddable":true,"href":"https:\/\/kokostore.pl\/index.php\/wp-json\/wp\/v2\/product_brand?post=2349"},{"taxonomy":"product_cat","embeddable":true,"href":"https:\/\/kokostore.pl\/index.php\/wp-json\/wp\/v2\/product_cat?post=2349"},{"taxonomy":"product_tag","embeddable":true,"href":"https:\/\/kokostore.pl\/index.php\/wp-json\/wp\/v2\/product_tag?post=2349"}],"curies":[{"name":"wp","href":"https:\/\/api.w.org\/{rel}","templated":true}]}}