{"id":2303,"date":"2026-03-10T21:36:09","date_gmt":"2026-03-10T20:36:09","guid":{"rendered":"https:\/\/kokostore.pl\/?post_type=product&#038;p=2303"},"modified":"2026-03-14T21:22:25","modified_gmt":"2026-03-14T20:22:25","slug":"t-shirt-nie-bo-nie-all-for-kids","status":"publish","type":"product","link":"https:\/\/kokostore.pl\/index.php\/produkt\/t-shirt-nie-bo-nie-all-for-kids\/","title":{"rendered":"T-shirt NIE BO NIE ALL FOR KIDS"},"content":{"rendered":"<div class=\"xdj266r x14z9mp xat24cr x1lziwak x1vvkbs x126k92a\">\n<div dir=\"auto\">Stylowa i wygodna koszulka dla ch\u0142opca z zabawnym napisem \u201eNIE BO NIE\u201d od firmy ALL FOR KIDS. Wykonana z mi\u0119kkiego, przyjemnego w dotyku materia\u0142u, kt\u00f3ry zapewnia komfort noszenia przez ca\u0142y dzie\u0144. Kontrastowe pomara\u0144czowe r\u0119kawy nadaj\u0105 jej modny, sportowy wygl\u0105d, a lu\u017any kr\u00f3j nie kr\u0119puje ruch\u00f3w podczas zabawy<span class=\"html-span xexx8yu xyri2b x18d9i69 x1c1uobl x1hl2dhg x16tdsg8 x1vvkbs x3nfvp2 x1j61x8r x1fcty0u xdj266r xat24cr xm2jcoa x1mpyi22 xxymvpz xlup9mm x1kky2od\"><img loading=\"lazy\" decoding=\"async\" class=\"xz74otr x15mokao x1ga7v0g x16uus16 xbiv7yw\" src=\"https:\/\/static.xx.fbcdn.net\/images\/emoji.php\/v9\/td0\/2\/16\/1f938_1f3fb.png\" alt=\"&#x1f938;&#x1f3fb;\" width=\"16\" height=\"16\" \/><\/span><\/div>\n<\/div>\n<div class=\"x14z9mp xat24cr x1lziwak x1vvkbs xtlvy1s x126k92a\">\n<div dir=\"auto\"><\/div>\n<\/div>\n","protected":false},"excerpt":{"rendered":"<p>Stylowa i wygodna koszulka dla ch\u0142opca z zabawnym napisem \u201eNIE BO NIE\u201d od firmy ALL FOR KIDS. Wykonana z mi\u0119kkiego, przyjemnego w dotyku materia\u0142u, kt\u00f3ry zapewnia komfort noszenia przez ca\u0142y dzie\u0144. Kontrastowe pomara\u0144czowe r\u0119kawy nadaj\u0105 jej modny, sportowy wygl\u0105d, a lu\u017any kr\u00f3j nie kr\u0119puje ruch\u00f3w podczas zabawy<\/p>\n","protected":false},"featured_media":2304,"comment_status":"open","ping_status":"closed","template":"","meta":{"_et_pb_use_builder":"","_et_pb_old_content":"","_et_gb_content_width":""},"product_brand":[],"product_cat":[37,36,20,35,51,52,54,19,46],"product_tag":[],"class_list":{"0":"post-2303","1":"product","2":"type-product","3":"status-publish","4":"has-post-thumbnail","6":"product_cat-10-12-lat","7":"product_cat-8-9-lat","8":"product_cat-6-7-lat","9":"product_cat-4-5-lat","10":"product_cat-kolekcje","11":"product_cat-codzienne","12":"product_cat-sportowe","13":"product_cat-chlopiec","14":"product_cat-t-shirty","16":"first","17":"instock","18":"shipping-taxable","19":"purchasable","20":"product-type-variable"},"_links":{"self":[{"href":"https:\/\/kokostore.pl\/index.php\/wp-json\/wp\/v2\/product\/2303","targetHints":{"allow":["GET"]}}],"collection":[{"href":"https:\/\/kokostore.pl\/index.php\/wp-json\/wp\/v2\/product"}],"about":[{"href":"https:\/\/kokostore.pl\/index.php\/wp-json\/wp\/v2\/types\/product"}],"replies":[{"embeddable":true,"href":"https:\/\/kokostore.pl\/index.php\/wp-json\/wp\/v2\/comments?post=2303"}],"wp:featuredmedia":[{"embeddable":true,"href":"https:\/\/kokostore.pl\/index.php\/wp-json\/wp\/v2\/media\/2304"}],"wp:attachment":[{"href":"https:\/\/kokostore.pl\/index.php\/wp-json\/wp\/v2\/media?parent=2303"}],"wp:term":[{"taxonomy":"product_brand","embeddable":true,"href":"https:\/\/kokostore.pl\/index.php\/wp-json\/wp\/v2\/product_brand?post=2303"},{"taxonomy":"product_cat","embeddable":true,"href":"https:\/\/kokostore.pl\/index.php\/wp-json\/wp\/v2\/product_cat?post=2303"},{"taxonomy":"product_tag","embeddable":true,"href":"https:\/\/kokostore.pl\/index.php\/wp-json\/wp\/v2\/product_tag?post=2303"}],"curies":[{"name":"wp","href":"https:\/\/api.w.org\/{rel}","templated":true}]}}