{"id":2290,"date":"2026-03-10T11:24:38","date_gmt":"2026-03-10T10:24:38","guid":{"rendered":"https:\/\/kokostore.pl\/?post_type=product&#038;p=2290"},"modified":"2026-03-14T21:42:37","modified_gmt":"2026-03-14T20:42:37","slug":"t-shirt-banan-all-for-kids","status":"publish","type":"product","link":"https:\/\/kokostore.pl\/index.php\/produkt\/t-shirt-banan-all-for-kids\/","title":{"rendered":"T-shirt Banan ALL FOR KIDS"},"content":{"rendered":"<p>Stylowy T-shirt w bia\u0142o-granatowe paski z oryginalnym, streetwearowym nadrukiem. Na przodzie znajduje si\u0119 grafika \u201eskateboardowej\u201d bananowej postaci w czapce i okularach, kt\u00f3ra nadaje koszulce m\u0142odzie\u017cowy, skate\u2019owy charakter.<\/p>\n<p>Koszulka \u015bwietnie sprawdzi si\u0119 na co dzie\u0144 \u2013 do jeans\u00f3w, szort\u00f3w czy sportowych stylizacji. Wygodny kr\u00f3j i modny design sprawiaj\u0105, \u017ce przyci\u0105ga uwag\u0119 i wyr\u00f3\u017cnia si\u0119 w t\u0142umie.<\/p>\n<p>Idealna dla os\u00f3b lubi\u0105cych lu\u017any, miejski styl.<\/p>\n","protected":false},"excerpt":{"rendered":"<p>Stylowy T-shirt w bia\u0142o-granatowe paski z oryginalnym, streetwearowym nadrukiem. Na przodzie znajduje si\u0119 grafika \u201eskateboardowej\u201d bananowej postaci w czapce i okularach, kt\u00f3ra nadaje koszulce m\u0142odzie\u017cowy, skate\u2019owy charakter. Koszulka \u015bwietnie sprawdzi si\u0119 na co dzie\u0144 \u2013 do jeans\u00f3w, szort\u00f3w czy sportowych stylizacji. Wygodny kr\u00f3j i modny design sprawiaj\u0105, \u017ce przyci\u0105ga uwag\u0119 i wyr\u00f3\u017cnia si\u0119 w t\u0142umie. [&hellip;]<\/p>\n","protected":false},"featured_media":2291,"comment_status":"open","ping_status":"closed","template":"","meta":{"_et_pb_use_builder":"","_et_pb_old_content":"","_et_gb_content_width":""},"product_brand":[],"product_cat":[56,36,20,35,51,52,54,19,46],"product_tag":[],"class_list":{"0":"post-2290","1":"product","2":"type-product","3":"status-publish","4":"has-post-thumbnail","6":"product_cat-wszystko","7":"product_cat-8-9-lat","8":"product_cat-6-7-lat","9":"product_cat-4-5-lat","10":"product_cat-kolekcje","11":"product_cat-codzienne","12":"product_cat-sportowe","13":"product_cat-chlopiec","14":"product_cat-t-shirty","16":"first","17":"instock","18":"shipping-taxable","19":"purchasable","20":"product-type-variable"},"_links":{"self":[{"href":"https:\/\/kokostore.pl\/index.php\/wp-json\/wp\/v2\/product\/2290","targetHints":{"allow":["GET"]}}],"collection":[{"href":"https:\/\/kokostore.pl\/index.php\/wp-json\/wp\/v2\/product"}],"about":[{"href":"https:\/\/kokostore.pl\/index.php\/wp-json\/wp\/v2\/types\/product"}],"replies":[{"embeddable":true,"href":"https:\/\/kokostore.pl\/index.php\/wp-json\/wp\/v2\/comments?post=2290"}],"wp:featuredmedia":[{"embeddable":true,"href":"https:\/\/kokostore.pl\/index.php\/wp-json\/wp\/v2\/media\/2291"}],"wp:attachment":[{"href":"https:\/\/kokostore.pl\/index.php\/wp-json\/wp\/v2\/media?parent=2290"}],"wp:term":[{"taxonomy":"product_brand","embeddable":true,"href":"https:\/\/kokostore.pl\/index.php\/wp-json\/wp\/v2\/product_brand?post=2290"},{"taxonomy":"product_cat","embeddable":true,"href":"https:\/\/kokostore.pl\/index.php\/wp-json\/wp\/v2\/product_cat?post=2290"},{"taxonomy":"product_tag","embeddable":true,"href":"https:\/\/kokostore.pl\/index.php\/wp-json\/wp\/v2\/product_tag?post=2290"}],"curies":[{"name":"wp","href":"https:\/\/api.w.org\/{rel}","templated":true}]}}