{"id":1779,"date":"2026-02-24T20:00:55","date_gmt":"2026-02-24T19:00:55","guid":{"rendered":"http:\/\/kokostore.pl\/?post_type=product&#038;p=1779"},"modified":"2026-04-08T21:34:16","modified_gmt":"2026-04-08T19:34:16","slug":"t-shirt-chlopiecy","status":"publish","type":"product","link":"https:\/\/kokostore.pl\/index.php\/produkt\/t-shirt-chlopiecy\/","title":{"rendered":"T-shirt ch\u0142opi\u0119cy ALL FOR KIDS"},"content":{"rendered":"<p>Modna koszulka dzieci\u0119ca w czarno-bia\u0142e paski z asymetryczn\u0105 kieszonk\u0105. Wykonana z mi\u0119kkiej bawe\u0142ny, zapewnia wygod\u0119 i swobod\u0119 ruch\u00f3w na co dzie\u0144 i nie tylko!<\/p>\n","protected":false},"excerpt":{"rendered":"<p>Modna koszulka dzieci\u0119ca w czarno-bia\u0142e paski z asymetryczn\u0105 kieszonk\u0105. Wykonana z mi\u0119kkiej bawe\u0142ny, zapewnia wygod\u0119 i swobod\u0119 ruch\u00f3w na co dzie\u0144 i nie tylko!<\/p>\n","protected":false},"featured_media":1785,"comment_status":"open","ping_status":"closed","template":"","meta":{"_et_pb_use_builder":"","_et_pb_old_content":"","_et_gb_content_width":""},"product_brand":[],"product_cat":[56,37,36,20,35,51,52,19,46],"product_tag":[],"class_list":{"0":"post-1779","1":"product","2":"type-product","3":"status-publish","4":"has-post-thumbnail","6":"product_cat-wszystko","7":"product_cat-10-12-lat","8":"product_cat-8-9-lat","9":"product_cat-6-7-lat","10":"product_cat-4-5-lat","11":"product_cat-kolekcje","12":"product_cat-codzienne","13":"product_cat-chlopiec","14":"product_cat-t-shirty","16":"first","17":"instock","18":"shipping-taxable","19":"purchasable","20":"product-type-variable"},"_links":{"self":[{"href":"https:\/\/kokostore.pl\/index.php\/wp-json\/wp\/v2\/product\/1779","targetHints":{"allow":["GET"]}}],"collection":[{"href":"https:\/\/kokostore.pl\/index.php\/wp-json\/wp\/v2\/product"}],"about":[{"href":"https:\/\/kokostore.pl\/index.php\/wp-json\/wp\/v2\/types\/product"}],"replies":[{"embeddable":true,"href":"https:\/\/kokostore.pl\/index.php\/wp-json\/wp\/v2\/comments?post=1779"}],"wp:featuredmedia":[{"embeddable":true,"href":"https:\/\/kokostore.pl\/index.php\/wp-json\/wp\/v2\/media\/1785"}],"wp:attachment":[{"href":"https:\/\/kokostore.pl\/index.php\/wp-json\/wp\/v2\/media?parent=1779"}],"wp:term":[{"taxonomy":"product_brand","embeddable":true,"href":"https:\/\/kokostore.pl\/index.php\/wp-json\/wp\/v2\/product_brand?post=1779"},{"taxonomy":"product_cat","embeddable":true,"href":"https:\/\/kokostore.pl\/index.php\/wp-json\/wp\/v2\/product_cat?post=1779"},{"taxonomy":"product_tag","embeddable":true,"href":"https:\/\/kokostore.pl\/index.php\/wp-json\/wp\/v2\/product_tag?post=1779"}],"curies":[{"name":"wp","href":"https:\/\/api.w.org\/{rel}","templated":true}]}}